9 + 4 = -5*b. Let m be (-2)/b + (-414)/21. What are the prime factors of (-27)/(-4) + (-5)/m?
7
Let p = 8 + -13. Let n(l) = 9*l - 1. Let y be n(1). Let i = y - p. What are the prime factors of i?
13
Let g(w) = 126*w**3 + w**2 + w - 2. List the prime factors of g(1).
2, 3, 7
Let y(m) = -m**3 + 8*m**2 - 7*m + 2. Let v be y(7). Let k be (v/(-4))/(2/(-24)). Suppose 2*w - k = w. List the prime factors of w.
2, 3
Let r(g) = 2*g**2 + 10*g + 14. Suppose 4*a - 1 = -25. List the prime factors of r(a).
2, 13
Let l = 208 + -80. List the prime factors of l.
2
Let z(n) = 6*n + 3. Let c be z(3). List the prime factors of (-2)/3 - (-224)/c.
2, 5
Suppose -i + 398 = i. List the prime factors of i.
199
Let w = 13 + 20. What are the prime factors of w?
3, 11
Suppose -84 = -0*u - 2*u - 4*z, u - 38 = -z. List the prime factors of 1*(-1 + u)/3.
11
Suppose -2*m - 5*v + 21 = 0, 7*v = 3*v - 12. List the prime factors of m.
2, 3
Let n(x) = 20*x**2 - x. Suppose -5*w = 10, -2*o + 10*w = 5*w - 12. List the prime factors of n(o).
19
Let q(z) = 2*z - 12. Let r be q(8). Suppose 0 = -r*i + 3*x - 22, -x + 0*x + 6 = -i. Let t(v) = -v**3 - 2*v**2 + 2*v - 2. What are the prime factors of t(i)?
2, 11
What are the prime factors of 325/15 - (-2)/6?
2, 11
Let d(m) = 5*m - 1. Let t be d(-4). What are the prime factors of 60/t*21/(-6)?
2, 5
What are the prime factors of -15*-2*(-9)/(-30)?
3
Suppose 0 = -0*f + f - 25. Suppose f + 7 = a. List the prime factors of a.
2
Let u(p) = -p**3 - 7*p**2 - 4*p - 6. Suppose -3*q - m - 18 = 0, 0 = 6*m - 2*m - 12. What are the prime factors of u(q)?
2, 11
Suppose 12 = -0*h + 3*h. Suppose -h*u - 5 + 101 = 0. List the prime factors of u.
2, 3
Let q(x) = -3*x. Let t be q(-1). Suppose 0*g = -4*g. Suppose 13 = -3*a + 5*u, g*a - 27 = -3*a - t*u. List the prime factors of a.
2
Let n be 10/(-35) - (-18)/14. List the prime factors of -20*(n/(-1) - 0).
2, 5
Suppose -2*h + 0 = -8. Suppose -h*u + 2 = -2*u. What are the prime factors of u + 2/((-6)/(-9))?
2
Let h(c) = 1 + c**2 + 0*c + 4 - 4*c. List the prime factors of h(-4).
37
Suppose 3*g + 34 + 9 = -5*z, 0 = z + 5*g + 13. Let a be 1/(-2 - 15/z). Let y = a + 14. List the prime factors of y.
2, 3
Let r be ((-1)/(-1))/(4/40). Let s = r + 2. What are the prime factors of s?
2, 3
Let q = 20 + -13. Let l(h) = -h + 10. Let d be l(q). What are the prime factors of 12 - d/3 - 2?
3
Let r be -2 + (-3 - 0)*-2. Suppose -2*g + 4 = m, r*g - 38 = -5*m + 3*g. Suppose 2*z + u - 12 = 0, -4*z = -0*u - 2*u - m. What are the prime factors of z?
2
Let a be 8/(-10)*(1 - 6). Suppose 0 = a*c - 2*p - 28, 2*c + c - 3*p - 21 = 0. What are the prime factors of c?
7
Let p = -256 - -426. Let h be (-3)/12 + p/8. Suppose -2*b = b - h. What are the prime factors of b?
7
Suppose 3*y = f + 9, -3*y - 3*f + 1 = 2*y. Suppose -a - y*a = -4*s + 214, 0 = -4*s + 5*a + 210. List the prime factors of s.
5, 11
Suppose 0 = 4*c + 3*g + 11 - 222, 3*c - 4*g - 177 = 0. List the prime factors of c.
5, 11
Let w(d) be the second derivative of d**3/6 + 2*d**2 - 2*d. Let v be w(0). Suppose -b = 2*n - 21, 67 = v*n - 4*b + 7. What are the prime factors of n?
2, 3
Let f = 11 - 9. Suppose f*r + 2*r = 60. What are the prime factors of r?
3, 5
List the prime factors of 31*-1*42/(-14).
3, 31
Let d = 78 + -19. Suppose -3*p - 4*u + d = 0, -3*u - u + 33 = p. List the prime factors of p.
13
Let n = -29 - -21. What are the prime factors of n - -37 - (3 + -1)?
3
Let y(l) = -12*l**3 - l**2. Let j be y(-1). Suppose j = p + 1. Let c = 0 + p. What are the prime factors of c?
2, 5
Suppose 4*v - 5*n - 717 = v, -5*n + 219 = v. What are the prime factors of v?
2, 3, 13
Suppose 4*z = -32 + 108. Let l = z - 1. What are the prime factors of l?
2, 3
Let u(i) = -6*i + 9 - 2*i - i**3 + 4*i**2 - 7*i**2 - 6*i**2. Let d be u(-8). What are the prime factors of 6 + d/(-3) + 12?
3, 5
Suppose d + o = -d - 1, 11 = 5*d - 2*o. Let f be 2/d*(-1)/(-2). What are the prime factors of (6/(-5))/(f/(-10))?
2, 3
Suppose 0 = z - 3*c + 11, c - 2*c + 13 = 2*z. Let i = 10 - z. List the prime factors of i.
2, 3
Let u = -73 - -106. What are the prime factors of u?
3, 11
Let p be (14/(-5))/(1/(-5)). Let d be 2/1*2/2. Suppose d*c - p = -6. What are the prime factors of c?
2
Suppose -4*k = -4*y - 5*k + 19, 0 = -y - 3*k + 13. Suppose -y*n + 5 = -11. Suppose -3*a = 3*x - 15, 0*a - 12 = -2*a - n*x. What are the prime factors of a?
2
Let b = 16 - 17. Let n = 4 - b. List the prime factors of n.
5
Suppose 2*v + 101 = 5*c - 10*c, c + 310 = -5*v. Let z = -121 - -80. Let p = z - v. What are the prime factors of p?
2, 11
Let u = 16 + -7. Suppose -2*j = -3*j - g + u, j - 5*g - 9 = 0. List the prime factors of j.
3
Let b be (-243)/(-12) + (-1)/4. Suppose -r = -t + 13, -3*r + r + 4*t - b = 0. Let o = r - -22. What are the prime factors of o?
2, 3
Let q = 627 + -405. What are the prime factors of q?
2, 3, 37
Let g(t) = t + 14*t - 2*t + 5*t. What are the prime factors of g(2)?
2, 3
List the prime factors of ((-3)/5)/((-3)/60).
2, 3
Let y(u) = 4*u**2 - 2*u - 1. Let h be y(-2). Let c = 31 - h. List the prime factors of c*3/21*7.
2, 3
Let x = -46 - -91. List the prime factors of x.
3, 5
Let h be 35/(-2)*(-8)/(-10). Let f = h - -22. Suppose 10 = 2*g - f. What are the prime factors of g?
3
Let p = 277 - 191. Suppose 14 = -4*n + p. List the prime factors of n.
2, 3
Let r = 449 + -268. What are the prime factors of r?
181
Suppose -13*x + 15*x - 44 = 0. List the prime factors of x.
2, 11
Let o(h) be the first derivative of 11*h**2/2 + h - 2. Let f be o(2). Suppose -f = -4*z + 5*c, 0*z = -5*z + c + 13. What are the prime factors of z?
2
Suppose 0 = 2*f - 5*f + 6. Let z = f - 0. Let g = 4 - z. What are the prime factors of g?
2
Let p(v) = -v**2 - 7*v - 1. Let s be p(-6). Let c(f) = 4*f. Let l be c(s). Let z = l - 10. List the prime factors of z.
2, 5
Suppose 3*t = -2*n + 2, 0*t - 5*t = 5*n. Let z be n/(-1)*(-1 - -2). Suppose -27 = -5*h - z*k, 5*h - h = -4*k + 12. What are the prime factors of h?
7
Let i(g) be the second derivative of -g**5/20 - g**4/3 - g**3/2 - g**2/2 - 3*g. Let d be i(-3). List the prime factors of ((-2)/(-2))/(d/(-13)).
13
Let h = -41 - -59. Let j be (-10)/(-25) - h/(-5). Suppose 0 = -3*p - j + 22. What are the prime factors of p?
2, 3
What are the prime factors of ((-81)/6 - 0)*-2?
3
Suppose 0 = 3*o - 3, 3*j - 222 = -0*j + 3*o. What are the prime factors of j?
3, 5
Suppose -q = -3 + 1. Let h = 5 - q. List the prime factors of h.
3
Let h(g) = 2*g + 2. Let d be h(-3). Let n be 4/10 + d/10. Suppose 0 = a - 1, -5*a + n*a = -b + 2. List the prime factors of b.
7
Suppose -s + 2*m + 15 = -m, -2*m - 10 = 0. Let b = s + 3. What are the prime factors of b?
3
Suppose 4*u = -2 + 30. What are the prime factors of u?
7
Let o = -2 - 4. Let t be 1 - (0 - (-4)/(-2)). Let p = t - o. What are the prime factors of p?
3
Let u be -3*1 - 0/(-1). Let w be 3*-4*u/(-6). List the prime factors of (-6)/(0 + w/9).
3
Suppose 5 = 5*z + 25. List the prime factors of (-11)/(-22) - 66/z.
17
Let x(a) = a**2 + a + 48. Let q = 2 - 2. Let j be x(q). Let l = -33 + j. What are the prime factors of l?
3, 5
Let u = -48 - -104. List the prime factors of u.
2, 7
Let x(y) = y**3 - 2*y**2 + 2*y + 1. Let r be x(2). Suppose -r*o = -4*o - 2. Suppose -o*a + 6 + 24 = 0. What are the prime factors of a?
3, 5
Let r = -2 - 1. Let y(a) = -2*a**2 + 4*a + 4. Let w be y(r). Let f = w + 36. List the prime factors of f.
2, 5
Let y(c) = c**3 - 7*c**2 + 6*c + 2. Let p be y(6). Suppose 5*r - 275 = -3*d, p*r - 270 = -3*r - 4*d. What are the prime factors of r?
2, 29
Let z(x) = -x - 5. Let t be z(-7). Suppose -a + 15 = r - t*a, 5*r = -5*a + 45. What are the prime factors of r?
2, 3
Let d = -10 - -18. Suppose -d*t = -4*t - 12. Suppose -t*u - 6 = -27. What are the prime factors of u?
7
Let h(l) = -3*l - 1 + 4*l + 0*l. Let x(u) = -u**2 + 5*u - 7. Let n(t) = -2*h(t) - x(t). List the prime factors of n(7).
3
Let f(w) = w + 18. Let b(m) = m**2 + 11*m + 10. Let z be b(-9). List the prime factors of f(z).
2, 5
Let g = 105 + -38. Suppose 0 = 2*u, g = 5*z + 3*u - 3. What are the prime factors of z?
2, 7
Let s(j) = -6 - j - 5*j + j**2 - 6*j**2 - j**3. Let l be s(-4). Suppose l*z - 40 = -2*z. What are the prime factors of z?
2, 5
Let d(o) = -o**3 + o**2 + 5*o - 3. Let f be d(3). Let z = 0 - f. W